the highest common divisor of 14047935 and 399?
57
Calculate the highest common divisor of 460 and 72715190.
230
What is the highest common factor of 3156888 and 119?
7
What is the greatest common divisor of 137640 and 4173654?
186
Calculate the highest common factor of 108486 and 152586.
882
Calculate the greatest common divisor of 36868 and 1774627.
709
Calculate the highest common divisor of 7681181 and 549.
61
What is the highest common factor of 7 and 1624487417?
7
What is the highest common factor of 226140 and 34740?
60
Calculate the greatest common divisor of 329 and 14302429.
47
Calculate the greatest common divisor of 32 and 53497992.
8
What is the highest common factor of 629901206 and 176?
22
What is the greatest common factor of 348810 and 18810?
330
Calculate the highest common factor of 1074 and 11248718.
358
What is the highest common factor of 27651645 and 2018?
1009
What is the highest common factor of 6201 and 30406365?
477
Calculate the highest common factor of 4205 and 7298198.
841
What is the greatest common divisor of 46429446 and 42?
42
What is the greatest common divisor of 169 and 17186611?
13
Calculate the highest common factor of 2539 and 232613024.
2539
Calculate the highest common divisor of 246914004 and 3973.
3973
Calculate the highest common divisor of 1258992 and 109008.
144
Calculate the highest common factor of 472776 and 8664.
24
What is the highest common factor of 26310 and 433410?
30
What is the highest common divisor of 741971 and 1804393?
479
Calculate the highest common divisor of 10068656 and 559.
13
What is the greatest common divisor of 285 and 159345267?
57
What is the highest common factor of 4856138 and 6776?
14
What is the highest common factor of 24340324 and 524?
524
What is the greatest common factor of 233817091 and 13518?
751
What is the highest common factor of 34226388 and 11340?
2268
What is the greatest common divisor of 62230 and 76685?
245
What is the highest common factor of 6462546 and 133962?
498
What is the greatest common factor of 198586193 and 91?
13
What is the greatest common divisor of 856 and 321704?
8
What is the highest common divisor of 49962708 and 1044?
1044
What is the greatest common divisor of 43615 and 28436265?
715
Calculate the highest common factor of 9301704 and 3216.
24
What is the greatest common factor of 14 and 350917819?
7
What is the greatest common factor of 2464778214 and 54?
54
What is the greatest common divisor of 29433495 and 4095?
1365
Calculate the highest common divisor of 246672960 and 6312.
6312
Calculate the highest common factor of 3045684 and 127982.
1438
Calculate the highest common divisor of 7808150 and 196.
98
Calculate the highest common divisor of 3271319 and 31641.
53
Calculate the greatest common divisor of 998640 and 228.
228
Calculate the greatest common divisor of 525 and 12565400.
25
What is the greatest common factor of 45028961 and 235?
47
What is the greatest common divisor of 70 and 1176714420?
70
Calculate the greatest common divisor of 674775 and 27.
9
Calculate the greatest common divisor of 163084390 and 70.
70
What is the greatest common divisor of 26704395 and 30?
15
Calculate the greatest common factor of 359092 and 44084.
428
Calculate the highest common divisor of 12 and 75568728.
12
What is the highest common factor of 26448 and 9584?
16
Calculate the greatest common factor of 174 and 12567962.
58
What is the highest common factor of 10031 and 7040329?
1433
Calculate the highest common factor of 2484 and 140724.
108
Calculate the greatest common factor of 4571887 and 2.
1
Calculate the highest common factor of 256909611 and 222.
111
What is the highest common divisor of 1980984 and 3448?
8
What is the highest common divisor of 23001 and 23573?
11
Calculate the greatest common divisor of 10042832 and 45031.
919
Calculate the greatest common divisor of 1251996750 and 5570.
5570
Calculate the greatest common factor of 238337 and 6392.
47
Calculate the highest common factor of 109078188 and 51.
51
Calculate the greatest common factor of 51315 and 632445.
165
Calculate the highest common divisor of 14309 and 68183.
41
What is the greatest common divisor of 24572500 and 500?
500
Calculate the greatest common divisor of 264 and 2698239.
3
Calculate the highest common factor of 16 and 30107536.
16
What is the highest common divisor of 44070 and 35815?
65
Calculate the highest common factor of 28 and 6961430.
14
What is the highest common divisor of 372794835 and 63?
21
Calculate the greatest common divisor of 177899960 and 1831.
1831
What is the greatest common divisor of 98076 and 114998568?
8916
What is the highest common divisor of 75 and 137950485?
15
What is the greatest common divisor of 134805 and 6766265?
2365
Calculate the highest common factor of 1854102 and 8856.
246
What is the highest common divisor of 1443 and 14973530?
481
What is the greatest common divisor of 195085 and 855?
5
Calculate the highest common divisor of 6371540 and 265895.
2485
What is the highest common divisor of 537195 and 16?
1
What is the greatest common divisor of 810 and 1466070?
30
What is the greatest common factor of 20635044 and 3084?
3084
What is the highest common factor of 206424 and 2466372?
564
Calculate the highest common divisor of 12937 and 1723738817.
12937
What is the highest common factor of 171 and 164363319?
171
Calculate the highest common divisor of 55051228 and 1529.
139
Calculate the greatest common divisor of 496782 and 115830.
2574
Calculate the greatest common divisor of 128 and 17482.
2
What is the greatest common factor of 16524570 and 90?
30
Calculate the greatest common divisor of 75360 and 2292357.
471
Calculate the greatest common factor of 309 and 8171967.
3
Calculate the greatest common divisor of 301902 and 70.
2
What is the greatest common divisor of 334551728 and 79632?
8848
What is the greatest common divisor of 983 and 24328267?
983
Calculate the greatest common factor of 3573554 and 1218.
58
What is the highest common divisor of 2025 and 4651275?
75
Calculate the highest common factor of 31 and 179126339.
31
What is the greatest common factor of 78812358 and 2985?
597
Calculate the highest common factor of 128 and 6787696.
16
Calculate the greatest common factor of 597400425 and 225.
225
Calculate the greatest common factor of 1940 and 39967492.
388
What is the highest common divisor of 6886 and 325207?
313
What is the greatest common divisor of 4875 and 657735?
195
Calculate the highest common divisor of 5078219 and 71340.
1189
What is the highest common factor of 14652 and 1369555?
407
What is the highest common factor of 14436656 and 2444?
52
Calculate the highest common factor of 254586910 and 10.
10
What is the greatest common factor of 8662 and 243246?
142
Calculate the greatest common factor of 3034875 and 30.
15
What is the greatest common divisor of 25 and 173561?
1
What is the greatest common divisor of 179024924 and 808?
404
Calculate the greatest common factor of 10242094 and 226.
226
Calculate the greatest common factor of 14202 and 13758.
6
What is the greatest common factor of 19 and 24887359?
19
What is the highest common factor of 245463 and 3301718?
4813
Calculate the greatest common factor of 35 and 169559957.
7
What is the highest common factor of 843 and 125857371?
843
What is the highest common factor of 3162874 and 7124?
26
Calculate the highest common divisor of 437329 and 4401.
163
Calculate the highest common factor of 121 and 957704.
11
Calculate the highest common factor of 131604 and 743762.
1994
Calculate the highest common divisor of 2351027 and 8656342.
6337
Calculate the greatest common divisor of 6536808 and 32913.
1431
What is the highest common factor of 481752 and 9960?
24
Calculate the highest common factor of 586 and 8230.
2
Calculate the highest common factor of 90430 and 8720.
10
What is the highest common divisor of 79335270 and 495?
45
What is the greatest common divisor of 984218987 and 5923?
5923
What is the greatest common factor of 8910342 and 644?
14
What is the highest common factor of 144577758 and 204?
102
Calculate the greatest common divisor of 3996 and 1103571.
27
What is the greatest common divisor of 305704714 and 11428?
5714
What is the h